{"id":2,"date":"2009-01-06T21:47:26","date_gmt":"2009-01-06T20:47:26","guid":{"rendered":"https:\/\/blog.guilben.fr\/?page_id=2"},"modified":"2022-10-15T11:07:16","modified_gmt":"2022-10-15T09:07:16","slug":"a-propos","status":"publish","type":"page","link":"https:\/\/blog.guilben.fr\/?page_id=2","title":{"rendered":"Bienvenue \u00e0 bord !"},"content":{"rendered":"<p>Ce blog regroupe les navigations r\u00e9centes que nous avons effectu\u00e9es sur notre <a href=\"http:\/\/www.guilben.fr\" target=\"_blank\" rel=\"noopener noreferrer\"><strong>Biloup 88<\/strong><\/a> ou sur d&rsquo;autres bateaux.<\/p>\n<p>On trouve une navigation aux <a href=\"https:\/\/blog.guilben.fr\/?cat=8&amp;paged=8\" target=\"_self\" rel=\"noopener noreferrer\">Antilles<\/a> (<a href=\"https:\/\/blog.guilben.fr\/?m=20090112\" target=\"_blank\" rel=\"noopener noreferrer\">St Martin\/St barth<\/a>\u00a0(2009) puis <a href=\"https:\/\/blog.guilben.fr\/?m=20130126\" target=\"_blank\" rel=\"noopener noreferrer\">la Guadeloupe<\/a>\u00a0(2013) ainsi que toutes les navigations post\u00e9rieures \u00e0 l&rsquo;\u00e9t\u00e9 2009, de La Rochelle aux <a href=\"https:\/\/blog.guilben.fr\/?m=20100702\">Pays-Bas<\/a> (2010) en passant par la <a href=\"https:\/\/blog.guilben.fr\/?m=201106\" target=\"_blank\" rel=\"noopener noreferrer\">Normandie et la Bretagne nord<\/a> (2011) \u00a0<a href=\"https:\/\/blog.guilben.fr\/?m=20120702\" target=\"_blank\" rel=\"noopener noreferrer\">les Perthuis<\/a> (2012) et <a href=\"https:\/\/blog.guilben.fr\/?m=20130625\" target=\"_blank\" rel=\"noopener noreferrer\">la Normandie aux Pays de Loire<\/a> (2013), <a href=\"https:\/\/blog.guilben.fr\/?m=201408\" target=\"_blank\" rel=\"noopener noreferrer\">Normandie et Bretagne<\/a> (2014), <a href=\"https:\/\/blog.guilben.fr\/?m=20150703\" target=\"_blank\" rel=\"noopener noreferrer\">Pays-Bas<\/a> (2015), <a href=\"https:\/\/blog.guilben.fr\/?m=20160626\">Bretagne sud<\/a> (2016), <a href=\"https:\/\/blog.guilben.fr\/\">Bretagne nord<\/a> (2017), <a href=\"https:\/\/blog.guilben.fr\/?m=201806\" target=\"_blank\" rel=\"noopener noreferrer\">Les pertuis charentais<\/a> (2018), Les \u00eeles <a href=\"https:\/\/blog.guilben.fr\/?m=202008&amp;paged=9\">sud du Ponant<\/a> et le <a href=\"https:\/\/blog.guilben.fr\/?m=202006\">golfe du Morbihan<\/a> (2019 et 2020), <a href=\"https:\/\/blog.guilben.fr\/?m=202106&amp;paged=5\" target=\"_blank\" rel=\"noopener noreferrer\">Les <\/a>pertuis<a href=\"https:\/\/blog.guilben.fr\/?m=201806\" target=\"_blank\" rel=\"noopener noreferrer\"> charentais<\/a> (2021), <a href=\"https:\/\/blog.guilben.fr\/?m=202206&amp;paged=2\" target=\"_blank\" rel=\"noopener\">Bretagne sud<\/a> (2022)<\/p>\n<p><span style=\"color: #ff0000;\"><strong><span style=\"color: #0000ff;\">_________________________<\/span><br \/>\n<\/strong><\/span><\/p>\n<h2><span style=\"color: #008000;\"><strong>Pour des raisons li\u00e9es \u00e0 l&rsquo;\u00e2ge du skipper et de son \u00e9quipi\u00e8re nous vendons notre Biloup fin 2022. Voir d\u00e9tails et contacts <a href=\"https:\/\/guilben.fr\/mise-en-vente-biloup-88-guilben-annee-1992-tres-bon-etat\/\" target=\"_blank\" rel=\"noopener\">ICI<\/a><\/strong><\/span><\/h2>\n<p><span style=\"color: #0000ff;\"><strong style=\"color: #ff0000;\"><strong><span style=\"color: #0000ff;\">_________________________<\/span><\/strong><br \/>\n<\/strong><\/span><\/p>\n<p>Nous avons tent\u00e9 de relater la vie \u00e0 bord \u00e0 travers la d\u00e9couverte des navigations et des escales,\u00a0 le point de vue des petits et des grands qui composent l&rsquo;\u00e9quipage sans oublier des indications techniques&#8230; et des images plus nombreuses et plus grandes !<\/p>\n","protected":false},"excerpt":{"rendered":"<p>Ce blog regroupe les navigations r\u00e9centes que nous avons effectu\u00e9es sur notre Biloup 88 ou sur d&rsquo;autres bateaux. On trouve une navigation aux Antilles (St Martin\/St barth\u00a0(2009) puis la Guadeloupe\u00a0(2013) ainsi que toutes les navigations post\u00e9rieures \u00e0 l&rsquo;\u00e9t\u00e9 2009, de La Rochelle aux Pays-Bas (2010) en passant par la Normandie et la Bretagne nord (2011) [&hellip;]<\/p>\n","protected":false},"author":2,"featured_media":0,"parent":0,"menu_order":0,"comment_status":"open","ping_status":"open","template":"","meta":{"footnotes":""},"class_list":["post-2","page","type-page","status-publish","hentry"],"_links":{"self":[{"href":"https:\/\/blog.guilben.fr\/index.php?rest_route=\/wp\/v2\/pages\/2","targetHints":{"allow":["GET"]}}],"collection":[{"href":"https:\/\/blog.guilben.fr\/index.php?rest_route=\/wp\/v2\/pages"}],"about":[{"href":"https:\/\/blog.guilben.fr\/index.php?rest_route=\/wp\/v2\/types\/page"}],"author":[{"embeddable":true,"href":"https:\/\/blog.guilben.fr\/index.php?rest_route=\/wp\/v2\/users\/2"}],"replies":[{"embeddable":true,"href":"https:\/\/blog.guilben.fr\/index.php?rest_route=%2Fwp%2Fv2%2Fcomments&post=2"}],"version-history":[{"count":3,"href":"https:\/\/blog.guilben.fr\/index.php?rest_route=\/wp\/v2\/pages\/2\/revisions"}],"predecessor-version":[{"id":7659,"href":"https:\/\/blog.guilben.fr\/index.php?rest_route=\/wp\/v2\/pages\/2\/revisions\/7659"}],"wp:attachment":[{"href":"https:\/\/blog.guilben.fr\/index.php?rest_route=%2Fwp%2Fv2%2Fmedia&parent=2"}],"curies":[{"name":"wp","href":"https:\/\/api.w.org\/{rel}","templated":true}]}}